{"id":921,"date":"2022-11-10T10:12:05","date_gmt":"2022-11-10T09:12:05","guid":{"rendered":"https:\/\/motowalser.ch\/shop\/?post_type=product&#038;p=921"},"modified":"2024-08-13T21:14:29","modified_gmt":"2024-08-13T19:14:29","slug":"hose-paceguard-herren","status":"publish","type":"product","link":"https:\/\/motowalser.ch\/shop\/produkt\/hose-paceguard-herren\/","title":{"rendered":"Hose Paceguard Herren"},"content":{"rendered":"","protected":false},"excerpt":{"rendered":"<p>Die Hose PaceGuard vereint schlichten Touren- bzw. Enduro-Look mit exzellenter Funktionalit\u00e4t. Sowohl der Hosenbund als auch die Beinabschl\u00fcsse sind verstellbar und garantieren so optimalen Halt. An den Oberschenkeln sind gro\u00dfe Bel\u00fcftungsrei\u00dfverschl\u00fcsse eingearbeitet. Die beiden wasserdichten Taschen bieten Platz f\u00fcr pers\u00f6nliche Gegenst\u00e4nde.<\/p>\n<ul>\n<li>Robuste Motorradhose<\/li>\n<li>Eine wasserdichte Schl\u00fcsseltasche<\/li>\n<li>Zwei aufgesetzte Taschen an den Oberschenkeln<\/li>\n<li>Weitenverstellung am Hosenbund<\/li>\n<li>Beinabschluss stufenlos verstellbar, mit Klettverschluss<\/li>\n<\/ul>\n<p>Lange Bel\u00fcftungsrei\u00dfverschl\u00fcsse an den Oberschenkeln<\/p>\n","protected":false},"featured_media":3391,"template":"","meta":{"_links_to":"","_links_to_target":""},"product_cat":[100,108,41,42],"product_tag":[104,118,91,150],"acf":[],"_links":{"self":[{"href":"https:\/\/motowalser.ch\/shop\/wp-json\/wp\/v2\/product\/921"}],"collection":[{"href":"https:\/\/motowalser.ch\/shop\/wp-json\/wp\/v2\/product"}],"about":[{"href":"https:\/\/motowalser.ch\/shop\/wp-json\/wp\/v2\/types\/product"}],"wp:featuredmedia":[{"embeddable":true,"href":"https:\/\/motowalser.ch\/shop\/wp-json\/wp\/v2\/media\/3391"}],"wp:attachment":[{"href":"https:\/\/motowalser.ch\/shop\/wp-json\/wp\/v2\/media?parent=921"}],"wp:term":[{"taxonomy":"product_cat","embeddable":true,"href":"https:\/\/motowalser.ch\/shop\/wp-json\/wp\/v2\/product_cat?post=921"},{"taxonomy":"product_tag","embeddable":true,"href":"https:\/\/motowalser.ch\/shop\/wp-json\/wp\/v2\/product_tag?post=921"}],"curies":[{"name":"wp","href":"https:\/\/api.w.org\/{rel}","templated":true}]}}