{"id":839,"date":"2024-01-26T17:26:49","date_gmt":"2024-01-26T16:26:49","guid":{"rendered":"https:\/\/motowalser.ch\/shop\/?post_type=product&#038;p=839"},"modified":"2024-08-13T22:00:44","modified_gmt":"2024-08-13T20:00:44","slug":"stiefel-venturegrip-gtx","status":"publish","type":"product","link":"https:\/\/motowalser.ch\/shop\/produkt\/stiefel-venturegrip-gtx\/","title":{"rendered":"Stiefel Venturegrip GTX"},"content":{"rendered":"","protected":false},"excerpt":{"rendered":"<p>Der wasserdichte Stiefel VentureGrip GTX ist sowohl im Touren- als auch im Endurobetrieb zu Hause. Der alltagstaugliche Allrounder verf\u00fcgt \u00fcber eine GORE-TEX\u00ae Membran sowie eine griffige, hochverschlei\u00dffeste und \u00f6l- und kraftstoffresistente Vibram\u00ae Sohle. Eine Schienbeinplatte stabilisiert zusammen mit drei verstellbaren Kunststoffschnallen die passgenaue Konstruktion.<\/p>\n<ul>\n<li>Wasserdichter und alltagstauglicher Leder-Endurostiefel im sportlichen Look<\/li>\n<li>Bequem, tourentauglich und robust<\/li>\n<li>Hohe Verschlei\u00dffestigkeit<\/li>\n<li>Typischer Enduro-Look durch Schlie\u00dfen, farblichen Akzent an der Sohle sowie h\u00f6heren Schaft und ge\u00f6ltes Leder<\/li>\n<li>100\u00a0% vollnarbiges Rindleder, ge\u00f6lt<\/li>\n<li>GORE-TEX\u00ae Membran, dauerhaft wind- und wasserdicht sowie hochatmungsaktiv<\/li>\n<li>Schienbeinschlagschutz, thermisch geformt und versteift<\/li>\n<li>Kn\u00f6chelschutz aus Kunststoff, mit Schaum gepolstert<\/li>\n<li>Funktionell geformter Schalthebelschutz aus Leder, beidseitig<\/li>\n<li>Rauleder an der Schaftinnenseite f\u00fcr besseren Kontakt zum Motorrad beim Fahren im Stehen<\/li>\n<li>Drei verstellbare Kunststoffschnallen, austauschbar<\/li>\n<li>Klettfl\u00e4che an der Wade zur stufenlosen Weitenregulierung<\/li>\n<li>Dehnzone aus Leder am Rist und Spann f\u00fcr bessere Beweglichkeit beim Schalten und Gehen<\/li>\n<li>Robuste Vibram\u00ae Sohle, hochverschlei\u00dffest, \u00f6l- und kraftstoffresistent<\/li>\n<li>Extrem griffiges Profil f\u00fcr guten Halt im Gel\u00e4nde<\/li>\n<li>Antibakteriell ausgestattete Innensohle, herausnehmbar<\/li>\n<li>Schaftabschluss mit elastischem Saum, vermindert das Eindringen von Wasser und Schmutz<\/li>\n<li>Abschlusskante vorn, am Schienbein weich gepolstert<\/li>\n<\/ul>\n","protected":false},"featured_media":1117,"template":"","meta":{"_links_to":"","_links_to_target":""},"product_cat":[41,42,25],"product_tag":[144,130,136,145,138,146],"acf":[],"_links":{"self":[{"href":"https:\/\/motowalser.ch\/shop\/wp-json\/wp\/v2\/product\/839"}],"collection":[{"href":"https:\/\/motowalser.ch\/shop\/wp-json\/wp\/v2\/product"}],"about":[{"href":"https:\/\/motowalser.ch\/shop\/wp-json\/wp\/v2\/types\/product"}],"wp:featuredmedia":[{"embeddable":true,"href":"https:\/\/motowalser.ch\/shop\/wp-json\/wp\/v2\/media\/1117"}],"wp:attachment":[{"href":"https:\/\/motowalser.ch\/shop\/wp-json\/wp\/v2\/media?parent=839"}],"wp:term":[{"taxonomy":"product_cat","embeddable":true,"href":"https:\/\/motowalser.ch\/shop\/wp-json\/wp\/v2\/product_cat?post=839"},{"taxonomy":"product_tag","embeddable":true,"href":"https:\/\/motowalser.ch\/shop\/wp-json\/wp\/v2\/product_tag?post=839"}],"curies":[{"name":"wp","href":"https:\/\/api.w.org\/{rel}","templated":true}]}}