{"id":432,"date":"2022-03-26T14:54:16","date_gmt":"2022-03-26T13:54:16","guid":{"rendered":"https:\/\/motowalser.ch\/shop\/?post_type=product&#038;p=432"},"modified":"2024-08-13T21:14:31","modified_gmt":"2024-08-13T19:14:31","slug":"darknite-jacke-herren","status":"publish","type":"product","link":"https:\/\/motowalser.ch\/shop\/produkt\/darknite-jacke-herren\/","title":{"rendered":"Darknite Jacke Herren"},"content":{"rendered":"","protected":false},"excerpt":{"rendered":"<p>Pure\u00a0Riding \u2013 daf\u00fcr steht der Anzug DarkNite. Ein moderner Lederanzug, im klassischen Retro-Stil geschnitten. Durch das hydrophobierte Rindleder ist der Anzug wasserabweisend, doch die nat\u00fcrliche Atmungsaktivit\u00e4t des Leders bleibt erhalten. Herausnehmbare NPL- und NP2-Protektoren, wattierte Steppeins\u00e4tze und einiges mehr erm\u00f6glichen selbstbewusstes Fahren, ohne dass die Features dem puristischen Erscheinungsbild entgegenwirken.<\/p>\n<p>&nbsp;<\/p>\n<ul>\n<li>Moderner Lederanzug aus hochwertigem Rindleder<\/li>\n<li>Abriebfestes Vollrindleder (1,0-1,1\u00a0mm), hydrophobiert<\/li>\n<li>Sehr guter Klimakomfort durch nat\u00fcrliche Atmungsaktivit\u00e4t des Leders<\/li>\n<li>NPL-Protektoren an R\u00fccken, Schultern, Ellbogen und Knien (h\u00f6henverstellbar), NP2-H\u00fcftprotektoren, herausnehmbar<\/li>\n<li>Stretch-Zonen im R\u00fcckenbereich, oberhalb der Knie sowie am Hosenbund hinten f\u00fcr optimale Bewegungsfreiheit<\/li>\n<li>Wattierte Steppeins\u00e4tze an Kragen und Schultern<\/li>\n<li>Jackenbund mit Druckknopf weitenregulierbar, ebenso Damenhose<\/li>\n<li>Arm- und Beinabschl\u00fcsse mit Metallrei\u00dfverschluss<\/li>\n<li>Stehkragen mit Druckknopf verschlie\u00dfbar<\/li>\n<li>3 Jacken-Au\u00dfentaschen mit Rei\u00dfverschluss, 3 Innentaschen (davon 1 Smartphone-Tasche), 4 Hosentaschen (Ges\u00e4\u00dftaschen mit Rei\u00dfverschluss)<\/li>\n<li>Hochwertiger BMW\u00a0Motorrad Schriftzug aus Metall-Buchstaben am R\u00fccken, gepr\u00e4gtes BMW Logo am linken Oberarm<\/li>\n<li>Baumwollfutter an Brust und R\u00fccken mit gro\u00dffl\u00e4chigem Druck im R\u00fccken, Netzfutter in \u00c4rmel und Hose<\/li>\n<li>Verbindungsrei\u00dfverschluss: 40\u00a0cm<\/li>\n<li>Regular Fit<\/li>\n<li>Farbe: Schwarz<\/li>\n<\/ul>\n","protected":false},"featured_media":435,"template":"","meta":{"_links_to":"","_links_to_target":""},"product_cat":[108,41,42,29],"product_tag":[104,106,75,101],"acf":[],"_links":{"self":[{"href":"https:\/\/motowalser.ch\/shop\/wp-json\/wp\/v2\/product\/432"}],"collection":[{"href":"https:\/\/motowalser.ch\/shop\/wp-json\/wp\/v2\/product"}],"about":[{"href":"https:\/\/motowalser.ch\/shop\/wp-json\/wp\/v2\/types\/product"}],"wp:featuredmedia":[{"embeddable":true,"href":"https:\/\/motowalser.ch\/shop\/wp-json\/wp\/v2\/media\/435"}],"wp:attachment":[{"href":"https:\/\/motowalser.ch\/shop\/wp-json\/wp\/v2\/media?parent=432"}],"wp:term":[{"taxonomy":"product_cat","embeddable":true,"href":"https:\/\/motowalser.ch\/shop\/wp-json\/wp\/v2\/product_cat?post=432"},{"taxonomy":"product_tag","embeddable":true,"href":"https:\/\/motowalser.ch\/shop\/wp-json\/wp\/v2\/product_tag?post=432"}],"curies":[{"name":"wp","href":"https:\/\/api.w.org\/{rel}","templated":true}]}}