{"id":385,"date":"2022-03-23T15:35:45","date_gmt":"2022-03-23T14:35:45","guid":{"rendered":"https:\/\/motowalser.ch\/shop\/?post_type=product&#038;p=385"},"modified":"2024-08-13T22:00:42","modified_gmt":"2024-08-13T20:00:42","slug":"furka-hose-damen","status":"publish","type":"product","link":"https:\/\/motowalser.ch\/shop\/produkt\/furka-hose-damen\/","title":{"rendered":"Furka Hose Damen"},"content":{"rendered":"","protected":false},"excerpt":{"rendered":"<p>Die Hose Furka l\u00e4sst einen Klassiker aufleben und verbindet modisches Design mit hochwertigem Material. Das hydrophobierte Nubukleder vom Jungbullen zeichnet sich durch hohe Elastizit\u00e4t und Dicke aus. Zwei Au\u00dfentaschen bieten Verstaum\u00f6glichkeiten, wasserdichte N\u00e4hte und wasserabweisende Rei\u00dfverschl\u00fcsse sch\u00fctzen vor Feuchtigkeit.<\/p>\n<ul>\n<li>Atmungsaktive, modische Lederhose<\/li>\n<li>Obermaterial: sehr elastisches, 1,2\u20131,4\u00a0mm dickes Nubukleder vom Jungbullen<\/li>\n<li>Nubukleder ausgew\u00e4hlt von Hand und nur in bester Qualit\u00e4t<\/li>\n<li>NP3-Gelenkprotektoren<\/li>\n<li>Zwei Au\u00dfentaschen mit Rei\u00dfverschl\u00fcssen<\/li>\n<li>Einfach zu bedienender Bundversteller<\/li>\n<li>Verbindungsrei\u00dfverschluss: lang und kurz<\/li>\n<li>AirVent-System mit Netzfutter und separatem Zipper f\u00fcr die Jacke<\/li>\n<li>Hydrophobiertes Leder, wasserdichte N\u00e4hte und wasserabweisende Rei\u00dfverschl\u00fcsse<\/li>\n<li>Kleines BMW Logo auf Niete<\/li>\n<li>Schutzklasse AA, EN 17092<\/li>\n<li>Customer Type: Ride\u00a0and\u00a0Share<\/li>\n<\/ul>\n","protected":false},"featured_media":376,"template":"","meta":{"_links_to":"","_links_to_target":""},"product_cat":[100,41,42,23],"product_tag":[99,98,91],"acf":[],"_links":{"self":[{"href":"https:\/\/motowalser.ch\/shop\/wp-json\/wp\/v2\/product\/385"}],"collection":[{"href":"https:\/\/motowalser.ch\/shop\/wp-json\/wp\/v2\/product"}],"about":[{"href":"https:\/\/motowalser.ch\/shop\/wp-json\/wp\/v2\/types\/product"}],"wp:featuredmedia":[{"embeddable":true,"href":"https:\/\/motowalser.ch\/shop\/wp-json\/wp\/v2\/media\/376"}],"wp:attachment":[{"href":"https:\/\/motowalser.ch\/shop\/wp-json\/wp\/v2\/media?parent=385"}],"wp:term":[{"taxonomy":"product_cat","embeddable":true,"href":"https:\/\/motowalser.ch\/shop\/wp-json\/wp\/v2\/product_cat?post=385"},{"taxonomy":"product_tag","embeddable":true,"href":"https:\/\/motowalser.ch\/shop\/wp-json\/wp\/v2\/product_tag?post=385"}],"curies":[{"name":"wp","href":"https:\/\/api.w.org\/{rel}","templated":true}]}}