{"id":291,"date":"2022-03-17T11:35:08","date_gmt":"2022-03-17T10:35:08","guid":{"rendered":"https:\/\/motowalser.ch\/shop\/?post_type=product&#038;p=291"},"modified":"2024-08-13T21:14:30","modified_gmt":"2024-08-13T19:14:30","slug":"jacke-gs-karakum-gtx-herren","status":"publish","type":"product","link":"https:\/\/motowalser.ch\/shop\/produkt\/jacke-gs-karakum-gtx-herren\/","title":{"rendered":"Jacke GS Karakum GTX 2023"},"content":{"rendered":"","protected":false},"excerpt":{"rendered":"<p>Maximale Sportlichkeit, bereit f\u00fcr jede Fahrt auch abseits befestigter Stra\u00dfen: Die dreiteilige Jacke GS\u00a0Karakum\u00a0GTX erf\u00fcllt h\u00f6chste Anspr\u00fcche. Durch ihre drei Schichten samt GORE-TEX\u00ae-Outsert ist jeder Einsatzbereich abgedeckt, von warmen Temperaturen bis hin zu kaltem Klima.<\/p>\n<ul>\n<li>Hochatmungsaktive, dreiteilige Endurojacke<\/li>\n<li>AirVent-System mit Netzfutter und separatem Zipper<\/li>\n<li>Durch Innenjacke und Outsertjacke an alle klimatischen Bedingungen anpassbar<\/li>\n<li>Herausnehmbare NP3-Protektoren an Schultern und Ellenbogen<\/li>\n<li>Inklusive NP3-R\u00fcckenprotektor lang<\/li>\n<li>3D-Abstandsgewirke am R\u00fcckenprotektor f\u00fcr optimale Luftzirkulation<\/li>\n<li>Durch die k\u00f6rpernahe Passform und die hohe Elastizit\u00e4t kann auf Klettversteller am K\u00f6rper verzichtet werden<\/li>\n<li>Weitenregulierung durch Klettriegel an den \u00c4rmels\u00e4umen der \u00dcberjacke<\/li>\n<li>4 Taschen an der Hauptjacke<\/li>\n<li>Zwei aufgesetzte wasserdichte Taschen an der \u00dcberjacke<\/li>\n<li>Reflexdruck auf der \u00dcberjacke<\/li>\n<li>Umlaufender und kurzer Verbindungsrei\u00dfverschluss<\/li>\n<li>Schutzklasse AA, EN17092<\/li>\n<li>Obermaterial der Outsert-Jacke: elastisches Polyamid, hochfeste Mischung f\u00fcr mehr Festigkeit<\/li>\n<li>Customer Type: Spirit\u00a0of\u00a0GS<\/li>\n<\/ul>\n","protected":false},"featured_media":292,"template":"","meta":{"_links_to":"","_links_to_target":""},"product_cat":[41,42,23,29],"product_tag":[76,89,90],"acf":[],"_links":{"self":[{"href":"https:\/\/motowalser.ch\/shop\/wp-json\/wp\/v2\/product\/291"}],"collection":[{"href":"https:\/\/motowalser.ch\/shop\/wp-json\/wp\/v2\/product"}],"about":[{"href":"https:\/\/motowalser.ch\/shop\/wp-json\/wp\/v2\/types\/product"}],"wp:featuredmedia":[{"embeddable":true,"href":"https:\/\/motowalser.ch\/shop\/wp-json\/wp\/v2\/media\/292"}],"wp:attachment":[{"href":"https:\/\/motowalser.ch\/shop\/wp-json\/wp\/v2\/media?parent=291"}],"wp:term":[{"taxonomy":"product_cat","embeddable":true,"href":"https:\/\/motowalser.ch\/shop\/wp-json\/wp\/v2\/product_cat?post=291"},{"taxonomy":"product_tag","embeddable":true,"href":"https:\/\/motowalser.ch\/shop\/wp-json\/wp\/v2\/product_tag?post=291"}],"curies":[{"name":"wp","href":"https:\/\/api.w.org\/{rel}","templated":true}]}}