{"id":2763,"date":"2024-01-23T09:24:32","date_gmt":"2024-01-23T08:24:32","guid":{"rendered":"https:\/\/motowalser.ch\/shop\/?post_type=product&#038;p=2763"},"modified":"2024-08-13T21:14:29","modified_gmt":"2024-08-13T19:14:29","slug":"hose-gs-rallye-gore-tex","status":"publish","type":"product","link":"https:\/\/motowalser.ch\/shop\/produkt\/hose-gs-rallye-gore-tex\/","title":{"rendered":"Hose GS Rallye Gore Tex"},"content":{"rendered":"","protected":false},"excerpt":{"rendered":"<div class=\"productdetails__content\">\n<div class=\"productdetails__content\">\n<p class=\"mnm-productdetails-description\">Die optimal bel\u00fcftete Hose GS Rallye GORE-TEX sch\u00fctzt mit ihrem wasserdichten GORE-TEX-Outsert bestens vor Wind, schlechtem Wetter und Schmutz. Das extrem abriebfeste Polyamid-Baumwoll-Material sorgt zusammen mit NP3-Gelenkprotektoren f\u00fcr hohe Sicherheit. Den modernen Look erg\u00e4nzen praktische Details wie Rei\u00dfverschlusstaschen.<\/p>\n<\/div>\n<div class=\"productdetails__form-wrapper\">\n<div class=\"productdetails__form-dropdown mnm-form--colors\"><\/div>\n<\/div>\n<\/div>\n","protected":false},"featured_media":2795,"template":"","meta":{"_links_to":"","_links_to_target":""},"product_cat":[100,23],"product_tag":[],"acf":[],"_links":{"self":[{"href":"https:\/\/motowalser.ch\/shop\/wp-json\/wp\/v2\/product\/2763"}],"collection":[{"href":"https:\/\/motowalser.ch\/shop\/wp-json\/wp\/v2\/product"}],"about":[{"href":"https:\/\/motowalser.ch\/shop\/wp-json\/wp\/v2\/types\/product"}],"wp:featuredmedia":[{"embeddable":true,"href":"https:\/\/motowalser.ch\/shop\/wp-json\/wp\/v2\/media\/2795"}],"wp:attachment":[{"href":"https:\/\/motowalser.ch\/shop\/wp-json\/wp\/v2\/media?parent=2763"}],"wp:term":[{"taxonomy":"product_cat","embeddable":true,"href":"https:\/\/motowalser.ch\/shop\/wp-json\/wp\/v2\/product_cat?post=2763"},{"taxonomy":"product_tag","embeddable":true,"href":"https:\/\/motowalser.ch\/shop\/wp-json\/wp\/v2\/product_tag?post=2763"}],"curies":[{"name":"wp","href":"https:\/\/api.w.org\/{rel}","templated":true}]}}