{"id":2165,"date":"2022-10-31T15:32:13","date_gmt":"2022-10-31T14:32:13","guid":{"rendered":"https:\/\/motowalser.ch\/shop\/?post_type=product&#038;p=2165"},"modified":"2024-08-13T22:11:33","modified_gmt":"2024-08-13T20:11:33","slug":"satz-connectedride-cradle","status":"publish","type":"product","link":"https:\/\/motowalser.ch\/shop\/produkt\/satz-connectedride-cradle\/","title":{"rendered":"Satz ConnectedRide Cradle"},"content":{"rendered":"","protected":false},"excerpt":{"rendered":"<p>Das ConnectedRide Cradle dient als Halterung, um w\u00e4hrend der Fahrt das Smartphone als Navigationsger\u00e4t zu nutzen. Per BMW Motorrad Connected App lassen sich im Sichtfeld die Navigationskarte und Fahrzeugdaten \u00fcber den Multicontroller abrufen. Die Halterung l\u00e4sst verschiedene Smartphone-Gr\u00f6\u00dfen zu und l\u00e4dt das Smartphone induktiv oder kabelgebunden.<\/p>\n","protected":false},"featured_media":2166,"template":"","meta":{"_links_to":"","_links_to_target":""},"product_cat":[54,46],"product_tag":[104,369,370,372,207,368,371],"acf":[],"_links":{"self":[{"href":"https:\/\/motowalser.ch\/shop\/wp-json\/wp\/v2\/product\/2165"}],"collection":[{"href":"https:\/\/motowalser.ch\/shop\/wp-json\/wp\/v2\/product"}],"about":[{"href":"https:\/\/motowalser.ch\/shop\/wp-json\/wp\/v2\/types\/product"}],"wp:featuredmedia":[{"embeddable":true,"href":"https:\/\/motowalser.ch\/shop\/wp-json\/wp\/v2\/media\/2166"}],"wp:attachment":[{"href":"https:\/\/motowalser.ch\/shop\/wp-json\/wp\/v2\/media?parent=2165"}],"wp:term":[{"taxonomy":"product_cat","embeddable":true,"href":"https:\/\/motowalser.ch\/shop\/wp-json\/wp\/v2\/product_cat?post=2165"},{"taxonomy":"product_tag","embeddable":true,"href":"https:\/\/motowalser.ch\/shop\/wp-json\/wp\/v2\/product_tag?post=2165"}],"curies":[{"name":"wp","href":"https:\/\/api.w.org\/{rel}","templated":true}]}}