{"id":1802,"date":"2022-06-23T11:56:08","date_gmt":"2022-06-23T09:56:08","guid":{"rendered":"https:\/\/motowalser.ch\/shop\/?post_type=product&#038;p=1802"},"modified":"2024-08-13T22:00:29","modified_gmt":"2024-08-13T20:00:29","slug":"keyring-rr","status":"publish","type":"product","link":"https:\/\/motowalser.ch\/shop\/produkt\/keyring-rr\/","title":{"rendered":"Keyring RR"},"content":{"rendered":"","protected":false},"excerpt":{"rendered":"<p class=\"mnm-productdetails-description\">Schl\u00fcsselanh\u00e4nger mit Pr\u00e4gung auf der Vorderseite.<\/p>\n<p>&nbsp;<\/p>\n<div class=\"productdetails__list-wrapper \">\n<h4 class=\"headline-3\">Produktdetails<\/h4>\n<ul class=\"productdetails__list list\">\n<li>Gepr\u00e4gter S 1000 RR Schriftzug auf der Vorderseite<\/li>\n<li>BMW Motorrad Gravur auf dem Schl\u00fcsselring<\/li>\n<li>Material: 100 % Gummi<\/li>\n<\/ul>\n<\/div>\n","protected":false},"featured_media":1803,"template":"","meta":{"_links_to":"","_links_to_target":""},"product_cat":[41,43,24],"product_tag":[104,253,221,219],"acf":[],"_links":{"self":[{"href":"https:\/\/motowalser.ch\/shop\/wp-json\/wp\/v2\/product\/1802"}],"collection":[{"href":"https:\/\/motowalser.ch\/shop\/wp-json\/wp\/v2\/product"}],"about":[{"href":"https:\/\/motowalser.ch\/shop\/wp-json\/wp\/v2\/types\/product"}],"wp:featuredmedia":[{"embeddable":true,"href":"https:\/\/motowalser.ch\/shop\/wp-json\/wp\/v2\/media\/1803"}],"wp:attachment":[{"href":"https:\/\/motowalser.ch\/shop\/wp-json\/wp\/v2\/media?parent=1802"}],"wp:term":[{"taxonomy":"product_cat","embeddable":true,"href":"https:\/\/motowalser.ch\/shop\/wp-json\/wp\/v2\/product_cat?post=1802"},{"taxonomy":"product_tag","embeddable":true,"href":"https:\/\/motowalser.ch\/shop\/wp-json\/wp\/v2\/product_tag?post=1802"}],"curies":[{"name":"wp","href":"https:\/\/api.w.org\/{rel}","templated":true}]}}