{"id":1764,"date":"2022-06-22T14:57:14","date_gmt":"2022-06-22T12:57:14","guid":{"rendered":"https:\/\/motowalser.ch\/shop\/?post_type=product&#038;p=1764"},"modified":"2024-08-13T22:00:45","modified_gmt":"2024-08-13T20:00:45","slug":"t-shirt-r1250-gs-bike","status":"publish","type":"product","link":"https:\/\/motowalser.ch\/shop\/produkt\/t-shirt-r1250-gs-bike\/","title":{"rendered":"T-Shirt R1250 GS Bike"},"content":{"rendered":"","protected":false},"excerpt":{"rendered":"<p class=\"mnm-productdetails-description\">An diesem blauen T-Shirt erkennen sich alle Fans von Abwechslung und Abenteuer. Der gro\u00dffl\u00e4chige Frontdruck zeigt einen BMW GS Fahrer in Action. Klassischer Rundhals, l\u00e4ssiger Schnitt und hautfreundliches Material sorgen f\u00fcr entspannten Tragekomfort.<\/p>\n<p>&nbsp;<\/p>\n<div class=\"productdetails__list-wrapper \">\n<h4 class=\"headline-3\">Produktdetails<\/h4>\n<ul class=\"productdetails__list list\">\n<li>Klassisches Rundhals-T-Shirt<\/li>\n<li>Gro\u00dffl\u00e4chiger Frontdruck eines GS Fahrers in Action<\/li>\n<li>BMW Motorrad Logo auf linkem \u00c4rmel<\/li>\n<li>Material: 100 % Baumwolle, Single-Jersey<\/li>\n<li>Farbe: Blau<\/li>\n<\/ul>\n<\/div>\n","protected":false},"featured_media":1772,"template":"","meta":{"_links_to":"","_links_to_target":""},"product_cat":[41,43,30],"product_tag":[241,128,240,217,212,211],"acf":[],"_links":{"self":[{"href":"https:\/\/motowalser.ch\/shop\/wp-json\/wp\/v2\/product\/1764"}],"collection":[{"href":"https:\/\/motowalser.ch\/shop\/wp-json\/wp\/v2\/product"}],"about":[{"href":"https:\/\/motowalser.ch\/shop\/wp-json\/wp\/v2\/types\/product"}],"wp:featuredmedia":[{"embeddable":true,"href":"https:\/\/motowalser.ch\/shop\/wp-json\/wp\/v2\/media\/1772"}],"wp:attachment":[{"href":"https:\/\/motowalser.ch\/shop\/wp-json\/wp\/v2\/media?parent=1764"}],"wp:term":[{"taxonomy":"product_cat","embeddable":true,"href":"https:\/\/motowalser.ch\/shop\/wp-json\/wp\/v2\/product_cat?post=1764"},{"taxonomy":"product_tag","embeddable":true,"href":"https:\/\/motowalser.ch\/shop\/wp-json\/wp\/v2\/product_tag?post=1764"}],"curies":[{"name":"wp","href":"https:\/\/api.w.org\/{rel}","templated":true}]}}