{"id":1041,"date":"2022-06-13T13:46:04","date_gmt":"2022-06-13T11:46:04","guid":{"rendered":"https:\/\/motowalser.ch\/shop\/?post_type=product&#038;p=1041"},"modified":"2024-08-13T22:00:42","modified_gmt":"2024-08-13T20:00:42","slug":"handschuhe-gs-rallye","status":"publish","type":"product","link":"https:\/\/motowalser.ch\/shop\/produkt\/handschuhe-gs-rallye\/","title":{"rendered":"Handschuhe GS Rallye"},"content":{"rendered":"","protected":false},"excerpt":{"rendered":"<p>Die Handschuhe GS\u00a0Rallye sind der ideale Begleiter f\u00fcr alle Biker, die sich bei warmen Temperaturen durchs Gel\u00e4nde bewegen. Die Oberhand aus luftdurchl\u00e4ssigem, \u00e4u\u00dferst abriebfestem Textil mit gro\u00dffl\u00e4chigem Kn\u00f6chelschutz ist pr\u00e4destiniert f\u00fcr den Offroad-Einsatz. Die Innenhand aus Ziegenleder mit zonalen Verst\u00e4rkungen bietet maximale Griffigkeit.<\/p>\n<ul>\n<li>Enduro-Handschuhe f\u00fcr sommerliche Temperaturen<\/li>\n<li>Der leichte Materialmix ist elastisch und atmungsaktiv<\/li>\n<li>Textil-Leder-Mix mit Ziegenleder auf der kompletten Innenhand f\u00fcr bestm\u00f6glichen Grip<\/li>\n<li>Oberhand aus luftdurchl\u00e4ssigem, \u00e4u\u00dferst abriebfestem Textil mit zonalen Verst\u00e4rkungen und schaumstoffunterlegten Schutzzonen<\/li>\n<li>Schaumunterlegte, gro\u00dffl\u00e4chige 3D-Kn\u00f6chelschale aus Hartplastik<\/li>\n<li>Klettverschlussriegel am Handgelenk f\u00fcr sicheren und engen Sitz<\/li>\n<li>Customer Type: Spirit\u00a0of\u00a0GS<\/li>\n<li>Farbe:\n<ul>\n<li>Nachtblau<\/li>\n<li>Schwarz<\/li>\n<li>Khaki<\/li>\n<\/ul>\n<\/li>\n<\/ul>\n","protected":false},"featured_media":3428,"template":"","meta":{"_links_to":"","_links_to_target":""},"product_cat":[41,42,27],"product_tag":[104,128,159,132,120,129,112,145],"acf":[],"_links":{"self":[{"href":"https:\/\/motowalser.ch\/shop\/wp-json\/wp\/v2\/product\/1041"}],"collection":[{"href":"https:\/\/motowalser.ch\/shop\/wp-json\/wp\/v2\/product"}],"about":[{"href":"https:\/\/motowalser.ch\/shop\/wp-json\/wp\/v2\/types\/product"}],"wp:featuredmedia":[{"embeddable":true,"href":"https:\/\/motowalser.ch\/shop\/wp-json\/wp\/v2\/media\/3428"}],"wp:attachment":[{"href":"https:\/\/motowalser.ch\/shop\/wp-json\/wp\/v2\/media?parent=1041"}],"wp:term":[{"taxonomy":"product_cat","embeddable":true,"href":"https:\/\/motowalser.ch\/shop\/wp-json\/wp\/v2\/product_cat?post=1041"},{"taxonomy":"product_tag","embeddable":true,"href":"https:\/\/motowalser.ch\/shop\/wp-json\/wp\/v2\/product_tag?post=1041"}],"curies":[{"name":"wp","href":"https:\/\/api.w.org\/{rel}","templated":true}]}}