{"id":54,"date":"2022-01-26T19:09:16","date_gmt":"2022-01-26T18:09:16","guid":{"rendered":"https:\/\/motowalser.ch\/shop\/?page_id=54"},"modified":"2022-06-21T14:13:07","modified_gmt":"2022-06-21T12:13:07","slug":"bestellung-zahlung","status":"publish","type":"page","link":"https:\/\/motowalser.ch\/shop\/bestellung-zahlung\/","title":{"rendered":"Bestellung &amp; Zahlung"},"content":{"rendered":"\n<p><\/p>\n\n\n\n<p><strong>Zahlungsmittel<\/strong><\/p>\n\n\n\n<p>Im Webshop kann mit Kreditkarte und TWINT bezahlt werden. <\/p>\n\n\n\n<p><strong>R\u00fcckerstattung<\/strong><\/p>\n\n\n\n<p>Die R\u00fcckerstattung wird auf das jeweilige Zahlungsmittel get\u00e4tigt. <\/p>\n\n\n\n<p><strong>R\u00fccksendungen<\/strong><\/p>\n\n\n\n<p>Alle Infos betreffend R\u00fccksendungen und Umtausch findest du <a href=\"https:\/\/motowalser.ch\/shop\/refund_returns\/\" data-type=\"URL\" data-id=\"https:\/\/motowalser.ch\/shop\/refund_returns\/\" target=\"_blank\" rel=\"noreferrer noopener\">hier<\/a>.<\/p>\n","protected":false},"excerpt":{"rendered":"<p>Zahlungsmittel Im Webshop kann mit Kreditkarte und TWINT bezahlt werden. R\u00fcckerstattung Die R\u00fcckerstattung wird auf das jeweilige Zahlungsmittel get\u00e4tigt. R\u00fccksendungen Alle Infos betreffend R\u00fccksendungen und Umtausch findest du hier.<\/p>\n","protected":false},"author":1,"featured_media":0,"parent":0,"menu_order":0,"comment_status":"closed","ping_status":"closed","template":"","meta":{"_links_to":"","_links_to_target":""},"acf":[],"_links":{"self":[{"href":"https:\/\/motowalser.ch\/shop\/wp-json\/wp\/v2\/pages\/54"}],"collection":[{"href":"https:\/\/motowalser.ch\/shop\/wp-json\/wp\/v2\/pages"}],"about":[{"href":"https:\/\/motowalser.ch\/shop\/wp-json\/wp\/v2\/types\/page"}],"author":[{"embeddable":true,"href":"https:\/\/motowalser.ch\/shop\/wp-json\/wp\/v2\/users\/1"}],"replies":[{"embeddable":true,"href":"https:\/\/motowalser.ch\/shop\/wp-json\/wp\/v2\/comments?post=54"}],"version-history":[{"count":6,"href":"https:\/\/motowalser.ch\/shop\/wp-json\/wp\/v2\/pages\/54\/revisions"}],"predecessor-version":[{"id":1754,"href":"https:\/\/motowalser.ch\/shop\/wp-json\/wp\/v2\/pages\/54\/revisions\/1754"}],"wp:attachment":[{"href":"https:\/\/motowalser.ch\/shop\/wp-json\/wp\/v2\/media?parent=54"}],"curies":[{"name":"wp","href":"https:\/\/api.w.org\/{rel}","templated":true}]}}